actors of z?
5, 17, 59
Suppose 9*p - 12*p = 0. Suppose p = -5*z - u + 3*u + 10, 4*z - 2*u = 8. Suppose 0 = 5*g - 2*g + 4*t - 386, 5*g = z*t + 678. List the prime factors of g.
2, 67
Suppose 4*b = 2*q - 39322, 70714 = 4*q + 6*b - 7832. List the prime factors of q.
3, 37, 59
Let w(a) = 3*a**3 - 31*a**2 - 87*a + 322. List the prime factors of w(31).
3, 19069
Suppose j - 2199 = -2*u, -110*j - 4*u = -111*j + 2157. What are the prime factors of j?
5, 19, 23
Suppose 0 = -19*i + 21994 - 9317 + 28325. List the prime factors of i.
2, 13, 83
Let t be (-2)/(18/(-47)) - 16/72. Suppose 3*y + 3*h + 48 = -0*h, 3*y = -t*h - 50. List the prime factors of ((-6)/5 - -2) + (-1698)/y.
2, 3, 19
Let b(y) = 44*y - 217. Let z be b(5). Suppose 2*c = -z*s + 2090, 3*s + 2*s = 5*c + 3500. What are the prime factors of s?
2, 349
Let f(n) = 23*n**2 - 136*n + 3365. What are the prime factors of f(42)?
5, 11, 139
Let y = 1970 - -14593. What are the prime factors of y?
3, 5521
Suppose -169529 = -26*h + 1187. What are the prime factors of h?
2, 7, 67
Let a(b) = -20*b - 9. Let k be a(-15). Let x = k + -177. What are the prime factors of x?
2, 3, 19
Suppose 3797966 = 144*b - 989026. What are the prime factors of b?
3, 7, 1583
Suppose 0 = 72*f - 69*f - 3*w - 30, -5*f - w = -38. Let h be (0 + -1)/(-1) - -187. Suppose -3*d + h = f. What are the prime factors of d?
2, 3, 5
Let j(i) = -103*i**3 - 3*i**2 - i + 1. Let n(x) = x**2 - 3*x - 1. Let m be n(3). What are the prime factors of j(m)?
2, 3, 17
Let k = -2448 - -3508. What are the prime factors of k?
2, 5, 53
Let c = 312 - 309. Suppose -5 = c*f + 1, -466 = -4*h - 3*f. List the prime factors of h.
2, 59
Let o(c) = 499*c + 4 - 10 + 5 + 10. What are the prime factors of o(2)?
19, 53
Let q(u) be the third derivative of -u**6/120 + 7*u**5/20 - 2*u**4/3 + 19*u**3/6 - 79*u**2. What are the prime factors of q(19)?
19, 23
Let u be 35*(-9)/(-63)*(-1386)/(-5). Let i = u + -756. What are the prime factors of i?
2, 3, 5, 7
Let n be (16/(-12))/(2/(-6)). Let d(p) = -2*p - p - 4*p - 9 - n. List the prime factors of d(-5).
2, 11
Let s be (-2)/(-2) - 5 - (-32 + -4). Suppose a - 11 = -2*h + 26, s = 2*h + 2*a. What are the prime factors of h?
3, 7
Let q(s) = -2*s**2 - s**2 - 2*s + 2*s**2 - 5*s - 5. Let g be q(-2). Suppose 125 = m - 5*j, g*m + 12*j - 765 = 9*j. List the prime factors of m.
2, 3, 5
Let t = -43 + 49. Let m be 12/36 - (-478)/t. Suppose -3*x + 5*x = m. List the prime factors of x.
2, 5
Suppose 97*r = 112658 + 40408. List the prime factors of r.
2, 3, 263
Let i be (-2 - -3)/(-2 + (-215)/(-107)). Suppose 0 = -3*x + 128 - i. Suppose -459 = 4*u - x*u. What are the prime factors of u?
3, 17
Let r(v) = -876*v - 658. What are the prime factors of r(-5)?
2, 1861
Let x be 5*1*(48/(-5))/(-8). Suppose -13*l - x = -10*l. List the prime factors of l/(-13) - (-360)/26.
2, 7
Let c(w) = -w - 3. Let q be c(-6). Let o = -347 - -619. Suppose q*n = 25 + o. List the prime factors of n.
3, 11
Let m(t) = -t**3 - 3*t**2 + 10*t + 6. Let a be m(-5). Suppose -a*l - 6 = -30. Suppose 0 = -l*v + 106 + 162. List the prime factors of v.
67
Let j = -629 + 631. List the prime factors of (-946)/(-3) + j - 156/(-234).
2, 3, 53
Let w(a) = 5*a**2 + 41*a + 12. Let i be w(-8). Suppose 156 = i*n - 648. List the prime factors of n.
3, 67
Let g = 295 - 418. Let p be (-1311)/76 + 10/8. Let w = p - g. List the prime factors of w.
107
Suppose 2*k + 6*y - 656 = 2*y, 0 = -4*k + 4*y + 1252. Suppose -8*u + 1470 = k. List the prime factors of u.
2, 3
Suppose 2*m + 2114 = 2*y, 9 - 5 = m. What are the prime factors of y?
1061
Let j be (0*(-6 - -5))/1. Suppose j = 61*m - 49*m - 3840. List the prime factors of m.
2, 5
Suppose 0 = -27*y - 67 - 41. List the prime factors of (1 + 274/y)/((-3)/36).
2, 3, 5
Let m = -444 + 799. Suppose 2*w - a = 720, 0 = 83*w - 79*w + 5*a - 1454. Suppose -m = -4*b + w. List the prime factors of b.
179
Suppose 0 = -2*g + 5*n + 57975, -2*g - 6*n + n + 57945 = 0. What are the prime factors of g?
2, 3, 5, 7, 23
Let x be 6 + (-1)/(1/40). What are the prime factors of 44/374 + (-5980)/x?
2, 11
Let z(w) = w**3 + 10*w**2 - 55*w + 16. Let y be z(-14). Suppose -3*p - y*f = -2256, -3*p + 0*f + 2259 = 3*f. List the prime factors of p.
2, 3, 5
What are the prime factors of (-4065)/(-3252)*8*1478/4?
5, 739
Suppose -20*p - 130 = -710. Suppose -p*k = -5005 - 2941. What are the prime factors of k?
2, 137
Let j be 63/(-2)*12/(-18). Suppose -j*t + 9393 = 10*t. List the prime factors of t.
3, 101
Let z(p) = -3*p**2 - 13*p - 10. Let d be z(-3). Suppose -2*o + 1984 = 3*h + 66, -3*o + 1272 = d*h. List the prime factors of h.
2, 3, 107
Let v = -137 - -135. Let y(b) = 44*b**2 - 14*b + 1. What are the prime factors of y(v)?
5, 41
Suppose 8*m + 1227 = 11*m. Let w = m + 97. List the prime factors of w.
2, 11, 23
Let v(h) = 172*h**2 - 6*h. Let s(i) = -57*i**2 + 2*i. Let l(w) = -16*s(w) - 5*v(w). Suppose -4*m - 1 = -3*m. What are the prime factors of l(m)?
2, 3
Let x = -63 - 7. Let c be 23/5 - 28/x. Suppose -35 = -10*s + c*s. List the prime factors of s.
7
Let j(l) = l**2 + 2*l + 81. Let i be j(0). Let b = i + -74. What are the prime factors of (142/8)/(b/(-4) - -2)?
71
Let m(w) = -11*w + 8. Let r be (3/3)/(2/(-4)). Let s be m(r). List the prime factors of (s/4)/((-9)/(-96)).
2, 5
Let b be 5*(76/(-20) - -3). Let p(q) = -24*q - 21. Let o be p(b). Suppose 4*d - 102 = -2*i, -6*i + o = -4*i - 5*d. What are the prime factors of i?
3, 5
Let l be -2 + (-3 - 34) + 3. Let h = 39 + l. What are the prime factors of (0 - 19)/(h/(-12))?
2, 19
Suppose 0 = 5*s - 5. Let x = 253 + -344. What are the prime factors of -4 + 5 + (1 - s*x)?
3, 31
Suppose 0 = -k - 1, 2*m = 4*m + 5*k - 201. Let d = m + -46. Suppose 221 = 2*i + d. List the prime factors of i.
2, 41
Let d(a) = a**3 + 3*a**2 + 2*a + 4. Let v be (-10)/(-30)*(1 + -10). Let m be d(v). What are the prime factors of (-1110)/(-20) + (-1)/m?
2, 7
Suppose -3*x + 35*x = 21 + 43. Let s(k) = -3*k**3 - k**2 - k + 1. Let i be s(-2). Suppose i = x*q - 265. List the prime factors of q.
2, 3
Let s(k) be the first derivative of 14*k**3 - 69*k**2/2 + 9*k + 99. What are the prime factors of s(-5)?
2, 3, 13
Suppose 25*k = 288 + 187. Suppose k*d + 6775 = 44*d. What are the prime factors of d?
271
Let u be 24/56 + 76/(-14). Let g(p) = p**3 + 10*p**2 - 4*p + 2. Let a be g(u). Suppose -12*q + 45 = -a. List the prime factors of q.
2
Suppose -13*g - 5118 + 16259 = 0. Let f = g - 133. What are the prime factors of (-4)/2*f/(-8)?
181
Suppose -3*z + 18 - 9 = 0, 5*m = -3*z + 32759. What are the prime factors of m?
2, 5, 131
Suppose 57*d - 5*o = 54*d + 36351, -4*d - 2*o = -48442. List the prime factors of d.
2, 757
Suppose -5*b - 51273 = -v + 4554, 5*v = -5*b + 278955. What are the prime factors of v?
3, 7, 2657
Let m(d) = 4*d + 21. Let k be m(-6). Let p(y) = 11*y**2 - 4*y - 1. List the prime factors of p(k).
2, 5, 11
Let l = 5015 + -1880. List the prime factors of l.
3, 5, 11, 19
Let x be 12/20 + 237/5. Let b be ((-216)/x)/((-2)/(-4)). Let r(f) = f**3 + 11*f**2 + 9*f + 1. What are the prime factors of r(b)?
2, 41
Suppose 66*f - 128280 = 46*f. List the prime factors of f.
2, 3, 1069
Suppose -6*q + 727 = -1289. Let b = 115 + q. What are the prime factors of b?
11, 41
Suppose -30*j + 1112933 = 349613. List the prime factors of j.
2, 6361
Let r(i) = -2453*i - 474. What are the prime factors of r(-5)?
13, 907
Let h(c) = 6*c**3 + 12*c**2 + 5*c + 21. Let q be h(9). Suppose -2*r = 9*r - q. List the prime factors of r.
2, 3, 41
Suppose 3*t + 80324 = 5*a - t, 0 = 2*t + 12. What are the prime factors of a?
2, 5, 11, 73
Suppose 3*z + 2*w - 60245 = 0, -9*z - 9*w = -5*w - 180733. What are the prime factors of z?
43, 467
Suppose 37*q - 6370 - 32591 = 0. List the prime factors of 2 + (-8 - 0) + q.
3, 349
List the prime factors of 41344/6 - ((-15)/(-15))/(-3).
3, 2297
Let o(r) = -51 + 15 - 46*r - 43 - 17. What are the prime factors of o(-8)?
2, 17
Suppose -5 + 35 = 6*q. Let z(o) = o**2 - 4*o - 5. Let h be z(q). Suppose h = 2*c + 3*i + 2*i - 179, c - 5*i = 112. What are the prime factors of c?
97
Let k(x) = -x**2 - 4*x. Let r be k(6). Let v = r + 68. Suppose w = 4*q + 75, 218 = 2*w + 4*q + v. What are the prime factors of w?
5, 19
Let x be (9/(-2))/(-3) + (-5)/(-2). Let t(w) = w**2 + w + 2. Let u be